vided by c.
6
Let u = 5 - -11. Let x(d) = 5*d - 49. What is the remainder when x(u) is divided by 27?
4
Let t(c) = 8*c + 12. Let w be t(-3). Let j be (0 - 0) + 11 + w. Calculate the remainder when (-49 - (-10)/(-5))/j is divided by 9.
6
Suppose -5*i - 3*a + 109 - 26 = 0, a = -6*i + 110. Calculate the remainder when 2638 is divided by i.
16
What is the remainder when 105 is divided by 274/4 + -15 + 5/2?
49
Let n(m) = -m**3 - 2*m**2 + m - 3. Let w be n(-3). Suppose 5*h - 1220 = 5*z, -2*h + w*z = 8*z - 488. What is the remainder when h is divided by 41?
39
Suppose 3*b = 3*u - 1491, b = -2*u + 1001 + 11. Calculate the remainder when u is divided by 118.
31
Let s = -40 + 1019. What is the remainder when s is divided by 99?
88
Calculate the remainder when (2 + -2237)/(-5) - 5/(-30)*-6 is divided by 15.
11
Let k = -21392 + 22007. What is the remainder when k is divided by 93?
57
Let d(u) = -11*u - 116. Let t be d(-11). Suppose -t*c + 1 = 4*o + 4, o + 5*c = -12. What is the remainder when 14 is divided by o?
2
Suppose 0 = 5*r - 4*d - 219, -6*d - 131 = -3*r - 4*d. What is the remainder when 62 is divided by r?
19
Suppose -4*n = -415 + 307. What is the remainder when n*(9 - (-5 - -11)) is divided by 12?
9
Suppose -16*d + 139 + 85 + 96 = 0. Calculate the remainder when 509 is divided by d.
9
Let n(w) = -31*w - 10*w - 2*w - w**2 + 9*w - 121. Calculate the remainder when n(-26) is divided by -1 - (2 + (-2 - 11)).
7
Let x = 314 + -238. Suppose 0 = 4*h - 3 + 11, -5*y = 3*h - 4. Suppose 3*t = 2*n - 7, 0*t + 32 = y*n + 2*t. What is the remainder when x is divided by n?
10
Suppose 19 = w + 3*f + f, 2*w + 3*f - 18 = 0. Suppose -2*h + 5*h + 137 = 2*d, w*d - h - 202 = 0. What is the remainder when d is divided by 18?
13
Suppose -250*f = 62*f + 55*f - 67895. Let q = 9 + -3. Calculate the remainder when f is divided by (-33 + q/3)/(-1).
30
Let b(n) = -n**3 + 9*n**2 + 42*n - 57. What is the remainder when 4437 is divided by b(12)?
12
Let c be (3 - ((-18 - -21) + 3/2))*4. Let f(m) be the third derivative of -m**4/12 - 5*m**3/6 + m**2. Calculate the remainder when 16 is divided by f(c).
2
Suppose r - 391 = -3*n + 156, -3*r + n = -1671. Let m = r + -522. Calculate the remainder when 101 is divided by m.
33
Let l = -140 - -131. Let i(a) = a**3 + 11*a**2 - 11*a + 10. Calculate the remainder when i(l) is divided by 87.
10
Suppose -2*y - 152 = -4*y - 3*k, 336 = 4*y - 2*k. Calculate the remainder when y is divided by 189/315 + (-306)/(-15).
19
Let l(g) = -83*g - 88. Calculate the remainder when l(-3) is divided by 81.
80
Let r(c) = 286*c - 1318. What is the remainder when 969 is divided by r(5)?
73
Suppose -4*g - 105 = -4*n - 2853, 2760 = 4*g + 2*n. Calculate the remainder when g is divided by (-15)/((-26)/20 + (-10)/50).
9
Let f(v) = -3*v**2 + 39*v - 14. Let x(o) = -8*o**2 + 77*o - 29. Let p(l) = -5*f(l) + 2*x(l). What is the remainder when 431 is divided by p(0)?
11
Let u(s) = 38*s - 2. Let g be u(1). Let p = g - 12. Suppose -2*j + p = 3*a + j, -19 = -5*a + 2*j. What is the remainder when 8 is divided by a?
3
Suppose -84*s - 5*p = -79*s - 120, 0 = -12*p - 60. Calculate the remainder when 1183 is divided by s.
23
Let c = -730 - -824. Calculate the remainder when 148 is divided by c.
54
Suppose -2*w + 23 = -9. Let c(n) = -w*n + 10*n + n**2 + 3*n + 2*n - 6. What is the remainder when c(-11) is divided by 43?
40
Let v(c) = c**2 - 5*c + 8. Suppose 4*n - 144 = -5*z, -5*z + 3*n + 143 = 6*n. Suppose 15*d - z = 107. What is the remainder when v(6) is divided by d?
5
Suppose 0*t - 24 = -4*t. Let o(i) = i**3 - 17*i**2 + 26*i + 45. Let j be o(15). What is the remainder when 86/10 - 6/j is divided by t?
3
Let j be (5536/6)/(-4 + (-13)/(-3)). Suppose -h = 3*c - j, -4*c + 4*h = -2*c - 1822. What is the remainder when c is divided by 66?
63
What is the remainder when ((-5)/15)/(-28 + 23180/828) is divided by ((-7)/2 - -3)*-70?
34
Let f(v) = -1 + 36 - 3*v**3 + 49*v + 4*v**3 - v - 2*v**3 - 10*v**2. Calculate the remainder when f(-14) is divided by 65.
17
Let u(z) = -595*z - 4186. What is the remainder when u(-10) is divided by 77?
70
Let s(y) = -y**3 + 7*y**2 - 4*y - 7. Let p be -3*((-4)/(-12) - 0)*-5. Calculate the remainder when 113 is divided by s(p).
21
Let d = 196 - 192. Calculate the remainder when 207 is divided by d/(80/35)*4 + 1.
7
Suppose 9*q - 355 = 4*q. Let h be 45/(-6) - 2/(-4). Let c = 22 + h. Calculate the remainder when q is divided by c.
11
Let b = 4 - 4. Let j be (-5)/((6/360)/((-2)/4)). Suppose 3*g - 12 = 0, b = 5*l - 2*g - 47 - j. What is the remainder when l is divided by 21?
20
Let m(s) = -20*s**2 - 2936*s + 656. What is the remainder when m(-147) is divided by (2 + -3)/(1/(-14))?
12
Let g be (-20)/90 - (-1120)/18. Suppose 8*n = g - 6. What is the remainder when 26 is divided by (-1)/7 + 71/n?
6
Let t(l) = -16*l - 628. Let q(h) = h + 42. Let o(n) = -88*q(n) - 6*t(n). Calculate the remainder when 532/6 + (-2)/3 is divided by o(-6).
16
Suppose 2*b + b = -1152. Let j(d) = 1632*d - 30934. What is the remainder when j(19) is divided by b/(-15) + 6/(-10)?
24
Let j be (-9)/(-9)*(-2)/(-1). Let h be j/7 - (-18464)/56. Calculate the remainder when 93 is divided by h/14 - 18/(-42).
21
Suppose -231*r - 244 = -2*j - 227*r, 4*j + 5*r - 527 = 0. What is the remainder when j is divided by 14?
2
Suppose -60 = -10*l + 7*l. Suppose 7*m - 11*m + l = 0. Suppose -21*g + 644 = 2*g. What is the remainder when g is divided by m?
3
Calculate the remainder when 5921 is divided by ((-190)/(-70) - (-4)/14)/(27/846).
93
Let h = -158 - -95. Let m(j) = j**2 + 23*j - 341. Calculate the remainder when m(-37) is divided by -1 - 0 - (h - -2).
57
Let j be (-1160)/45 - (-2)/(-9). What is the remainder when 5 - (j - (1 + -1)) is divided by (2/(-6))/((-4)/204)?
14
Suppose 0 = 3*l - 12 - 3. Let t(z) = -2*z**3 - 17*z**2 + 35*z + 65. Let a be t(-10). Calculate the remainder when 27 is divided by (a*1)/(l - 4).
12
Let i be 0 - (-10 - -7 - 48). What is the remainder when 2/(4/370) - (i + -55) is divided by 16?
13
Suppose 14*m = -28*m - 60*m + 28866. Calculate the remainder when m is divided by 21.
10
Let j(t) = -t**2 - 12*t + 27. Let r(z) = -3*z**2 - 22*z + 53. Let o(h) = -5*j(h) + 2*r(h). Calculate the remainder when 56 is divided by o(6).
25
Suppose 3*l = 2*l + 2. Suppose -6 + l = -2*g, 0 = -5*j - g + 72. Let d(s) = -94*s**2 - 564*s + 52. Calculate the remainder when d(-6) is divided by j.
10
Let w(c) = -6 + 5 - c**2 + 14 + 6*c - 7. Let t = -234 - -275. Calculate the remainder when t is divided by w(6).
5
Let m = 19286 - 19182. What is the remainder when m is divided by 29?
17
Let g = -6 + 4. Let p be 3/((-3)/g*2). Suppose -3*l - p = -25. Calculate the remainder when 25 is divided by l.
1
Suppose 2*v = 3*v - 21. Suppose -2*n + v = 3*i - 32, 0 = 4*i - n - 89. Calculate the remainder when 102 is divided by i.
18
Suppose 158656 = 94*k + 42754. What is the remainder when k is divided by 113?
103
Let p be 26/2*18/(-3). Let x = 80 + p. Suppose k + 4 = 11. What is the remainder when k is divided by x?
1
Suppose -895*k - 252 = -913*k. Suppose -2*d = 3 - 7. Suppose -u + d*c = 15 - 47, 5*u = 2*c + 184. What is the remainder when u is divided by k?
10
Let z = -194 + 255. Suppose -5*n + 3*s = -z - 84, 0 = 5*n + s - 125. Calculate the remainder when n is divided by 10.
6
Let x = -97 + 210. Suppose -a - 265 = -5*l - 5*a, 2*l - x = -3*a. Suppose -226*d - 482*d + 161*d + 9299 = 0. Calculate the remainder when l is divided by d.
15
Suppose -144914 - 35674 + 47004 = -1012*f. Suppose -4*q + 50 = -2*q + 2*l, q - 3*l = 45. Calculate the remainder when f is divided by q.
12
Let f = -492 - -136. Let w = f + 378. Calculate the remainder when (-1)/4 - 261/(-4) is divided by w.
21
Let g(q) be the second derivative of q**5/20 + 2*q**4/3 + 7*q**3/6 + 9*q**2/2 - 2*q. Let b = -458 + 451. Calculate the remainder when g(b) is divided by 3.
0
Let l(k) = -6*k**3 - 3*k**2 - 3*k - 3. Suppose 2320*g - 14389 = 895*g + 1286. Calculate the remainder when l(-2) is divided by g.
6
Let w = -109 - -112. Suppose 37 = w*h - 2*g, -5*h + 3*g = -28 - 35. Calculate the remainder when 1026/h + (-12)/(-20) is divided by 37.
32
Suppose 0 = 15*a - 14*a - 2*l - 875, 4*a + 3*l - 3599 = 0. What is the remainder when a is divided by 67?
22
Let u be -2 + 47/(-4) +